110222210
110100111011000110111 (base 2) to base 3
10021002212121
31143333 (base 6) to base 3
1200201211210
-1b6779 (base 14) to base 12
-3b2207
What is 21111221111 (base 3) in base 8?
440752
Convert -3245501 (base 6) to base 12.
-79891
Convert 12022002212021 (base 3) to base 7.
32641054
Convert -1970a41 (base 11) to base 13.
-8c541c
Convert 311235 (base 11) to base 7.
4146664
Convert -20401 (base 13) to base 7.
-330340
-1000010001101010111110 (base 2) to base 7
-24304113
Convert 16549 (base 13) to base 10.
42649
Convert -2062166 (base 8) to base 10.
-550006
-1e69ae (base 16) to base 9
-3667053
Convert 9f3c45 (base 16) to base 8.
47636105
Convert -110222220 (base 6) to base 2.
-111100010111101100100
What is 14a8bd9 (base 14) in base 11?
5771263
What is -110211011 (base 4) in base 7?
-500516
10010000100011000001 (base 2) to base 3
1010002011100
What is 63353d (base 15) in base 6?
245053121
Convert 100202121101012 (base 3) to base 10.
5188568
Convert -656610 (base 9) to base 7.
-3221523
Convert 345100 (base 8) to base 15.
24b5c
Convert 1d3b07d (base 14) to base 2.
110111111100110000100111
132727 (base 15) to base 16
e083c
-70b27 (base 12) to base 9
-243284
What is 30333653 (base 7) in base 15?
34e7ae
Convert -7f995 (base 16) to base 10.
-522645
What is -56a67 (base 14) in base 7?
-1534660
-4211104 (base 6) to base 12
-99a94
What is 34052155 (base 6) in base 3?
1221111120122
Convert 1562a8 (base 12) to base 2.
1011000101100100000
What is -111022000221 (base 3) in base 10?
-261736
What is 526068 (base 9) in base 10?
312803
Convert -28a9539 (base 13) to base 5.
-11302231423
Convert 15560 (base 16) to base 13.
30a16
-1204434 (base 5) to base 12
-11026
Convert -7d97 (base 16) to base 5.
-2012101
-2765611 (base 8) to base 13
-21475a
-7d7137 (base 14) to base 16
-415ced
Convert -32aca0 (base 13) to base 14.
-231785
Convert -222541112 (base 6) to base 11.
-2320986
What is 131332310 (base 4) in base 12?
5b098
471dc7 (base 16) to base 9
8683222
What is -4421121142 (base 5) in base 7?
-144120466
What is -3007472 (base 8) in base 16?
-c0f3a
Convert -155054d (base 15) to base 9.
-32045171
44024 (base 6) to base 11
4613
Convert 22230333 (base 4) to base 15.
cec9
What is -1e71a (base 15) in base 16?
-18493
What is -2621778 (base 9) in base 16?
-15d871
What is -102010010131 (base 4) in base 16?
-48411d
10000001101010101111 (base 2) to base 3
222222120002
What is -1488373 (base 10) in base 5?
-340111443
241454051 (base 6) to base 2
10001011010010010001111
Convert -10000000110011011 (base 2) to base 6.
-1225151
What is a134 (base 16) in base 12?
1ba70
Convert 2133014 (base 6) to base 9.
170811
What is -1122203223 (base 5) in base 9?
-4687351
171791 (base 12) to base 11
251164
Convert 20001343 (base 6) to base 5.
120411343
What is 4425160 (base 7) in base 3?
1000122211011
What is -4277510 (base 8) in base 10?
-1146696
Convert 45523 (base 7) to base 3.
120212221
What is 698bab (base 14) in base 7?
42400504
-194b7e (base 16) to base 7
-20043010
Convert -88138a (base 12) to base 14.
-402a4a
Convert -14878 (base 9) to base 6.
-115112
-50002616 (base 7) to base 4
-33231202310
68137 (base 15) to base 3
121211002021
Convert -6837a4 (base 11) to base 12.
-445a30
Convert -3333402 (base 5) to base 16.
-e4ea
What is 11021 (base 3) in base 4?
1303
e2af3 (base 16) to base 15
13519e
Convert 1346455 (base 7) to base 10.
179968
Convert 1011100000110000111 (base 2) to base 6.
12030223
32145546 (base 8) to base 2
11010001100101101100110
Convert 1010000100110000100 (base 2) to base 5.
41030431
90954 (base 12) to base 16
2de50
What is -4ee5e (base 15) in base 2?
-111101110000111101
What is -53994 (base 15) in base 2?
-1000000110011000110
What is 10120222002212 (base 3) in base 8?
7217567
What is -480878 (base 9) in base 7?
-2313512
-11011100100011000 (base 2) to base 15
-236d0
Convert -1217626 (base 8) to base 4.
-1101332112
Convert 2149941 (base 10) to base 13.
5a3771
-22b7ca (base 13) to base 8
-3113610
What is -17383 (base 10) in base 4?
-10033213
What is 63531465 (base 7) in base 10?
5386029
What is 7bf90 (base 16) in base 5?
112222132
Convert -48615 (base 12) to base 5.
-11111044
3614a (base 14) to base 4
200032012
-2499012 (base 10) to base 12
-a06230
What is -11331213010 (base 4) in base 11?
-9783a9
What is 227559 (base 13) in base 15?
111ba6
What is c3418 (base 13) in base 9?
583121
What is -100340c (base 15) in base 13?
-249285c
What is 401850 (base 9) in base 8?
720062
Convert 174628 (base 13) to base 10.
581056
Convert 1884eb (base 15) to base 5.
301124441
Convert -2000001322 (base 5) to base 16.
-3b9b9e
What is 20001021210221 (base 3) in base 4?
30100223020
28577 (base 9) to base 8
45745
What is 14411c (base 14) in base 16?
ab8de
1220111020001 (base 3) to base 7
11420506
45324345 (base 6) to base 14
27cc77
1100000110011010001 (base 2) to base 11
250992
95230 (base 10) to base 16
173fe
What is -1254d6 (base 16) in base 13?
-330a8a
What is 110220202021 (base 3) in base 2?
111110000100011111
What is 231603 (base 7) in base 14?
11173
Convert 3031212023 (base 4) to base 9.
1523152
Convert 53624576 (base 8) to base 16.
af297e
-1011110000100010101110 (base 2) to base 4
-23300202232
105876 (base 10) to base 12
51330
-725114 (base 10) to base 15
-e4cae
Convert -6614470 (base 8) to base 3.
-10100020010010
Convert 26404043 (base 7) to base 16.
24f36b
Convert 265397 (base 10) to base 4.
1000302311
What is -2aaab8 (base 12) in base 8?
-2605654
Convert -3332034014 (base 5) to base 7.
-116020432
Convert 106326303 (base 8) to base 7.
312622533
Convert 24530 (base 14) to base 12.
434a6
Convert -111221121211221 (base 3) to base 15.
-9b6711
Convert 747b44 (base 12) to base 9.
3411847
10010101110011101 (base 2) to base 9
126183
1010001101100110001 (base 2) to base 16
51b31
Convert -2905354 (base 11) to base 14.
-942066
What is 13965827 (base 10) in base 16?
d51a03
What is 96210d (base 14) in base 7?
61102416
Convert 10122010102222 (base 3) to base 14.
383c44
Convert -122230022 (base 4) to base 16.
-1ab0a
What is 4552315 (base 9) in base 14?
47cc2d
Convert 2202104104 (base 5) to base 3.
22212220220212
What is 219324 (base 10) in base 11?
13a866
-11012022212 (base 3) to base 15
-1972b
61762 (base 16) to base 4
1201131202
13312513 (base 6) to base 2
1101100101011011101
What is 15266440 (base 8) in base 2?
1101010110110100100000
4b1a4 (base 14) to base 8
547574
Convert -121012111 (base 4) to base 13.
-37a41
40125374 (base 8) to base 15
b1873a
-202023030 (base 4) to base 7
-1122051
11100001010100100001 (base 2) to base 10
922913
3222014113 (base 5) to base 10
6829283
Convert d1c3 (base 15) to base 4.
22303323
1001000101100000000 (base 2) to base 9
503358
Convert 1000011011011111100 (base 2) to base 3.
112000220101
What is -99a22 (base 13) in base 10?
-278540
What is 2425551 (base 7) in base 2?
1001011100001001100
Convert 22752 (base 10) to base 8.
54340
Convert -43033032 (base 5) to base 3.
-200101002011
-1110010111000001110100 (base 2) to base 5
-1430424330
Convert -345161 (base 9) to base 13.
-733b4
-230043234 (base 6) to base 12
-14a951a
Convert -10101011000101011111 (base 2) to base 4.
-2223011133
What is -16465003 (base 8) in base 14?
-7191ab
What is -4645017 (base 8) in base 2?
-100110100101000001111
220131221 (base 4) to base 16
28769
-435513240 (base 6) to base 14
-107c584
-a3aee (base 16) to base 7
-5461440
What is -1bc23 (base 13) in base 11?
-38185
What is -3451101 (base 6) in base 4?
-223122031
-201312321 (base 4) to base 13
-4b17a
What is -131024400 (base 5) in base 6?
-21434231
-24552551 (base 8) to base 14
-a144c1
What is 240123211 (base 5) in base 10?
1098556
What is 66702 (base 11) in base 7?
551604
Convert 7b09c (base 13) to base 4.
312233133
Convert -28978b6 (base 12) to base 7.
-126244524
What is 13303211 (base 4) in base 16?
7ce5
Convert -942b (base 13) to base 8.
-50006
1745786 (base 11) to base 9
5518281
Convert 4316213 (base 7) to base 9.
880862
Convert 110100210222 (base 3) to base 13.
869c3
What is 2143415 (base 10) in base 11?
123441a
What is -6c164 (base 14) in base 13?
-93053
42899 (base 16) to base 7
2213366
Convert 2a0697 (base 15) to base 5.
1004321432
What is 125156352 (base 7) in base 12?
2833816
What is -8610 (base 15) in base 9?
-42816
Convert 363001 (base